 divisor of 17 and z?
17
Let g = 8 + -4. Suppose 3*y + 60 = g*y. Calculate the greatest common factor of y and 40.
20
Suppose -2*u + 0*u = 5*k - 303, 5*k + 313 = 2*u. What is the highest common factor of u and 14?
14
Suppose 2*c - 142 - 98 = 0. Let a = -57 + c. What is the highest common divisor of a and 9?
9
Suppose -2*l + 97 = -31. Calculate the greatest common divisor of 4 and l.
4
Suppose -10 = -2*b + 2. Let q(x) = 4*x + 4. Let u be q(b). Suppose 3*w + 4*l = 122, -5*w + 173 = -w - 5*l. What is the highest common divisor of u and w?
14
Let u(s) = -1 + 6*s - 2 + 1. Let v be u(4). What is the greatest common divisor of 55 and v?
11
Let b(n) = 11*n**2 + 2*n - 1. Let y be b(1). Let i = 21 - y. What is the greatest common divisor of i and 1?
1
Suppose 4 - 1 = 3*i. Let y be i*-3*132/(-4). Let h(z) = -z**3 + z**2 + z + 11. Let r be h(0). What is the greatest common factor of y and r?
11
Let x(p) be the first derivative of 7*p**2/2 + 2*p + 4. Let c be x(3). Calculate the highest common divisor of 23 and c.
23
Let v(q) = q**3 + 12*q**2 + 3. Let f be v(-12). What is the highest common factor of f and 12?
3
Suppose 0 = -6*j + 745 - 25. Calculate the greatest common divisor of j and 15.
15
Let c(q) = 2*q + 1. Let o be c(-1). Let m = o - -10. Suppose 0 = -4*u + u + m. What is the greatest common divisor of 2 and u?
1
Suppose -28 + 0 = -2*r. Suppose j = r - 0. Calculate the highest common divisor of 7 and j.
7
Let h(o) = -o**2 + 0*o - o - 8 - 5*o**2 + o**3 - 1. Let q be h(9). What is the highest common divisor of 25 and q?
25
Let h be -20 + 18 - (-8)/2. Let d(x) = 60*x - 1. Let l be d(h). What is the highest common divisor of l and 17?
17
Let n = 73 + -68. What is the greatest common divisor of 1 and n?
1
Suppose 36 = -0*q + 3*q. Let y = q - 6. Suppose -y*r - 2*s + 10 = -r, 0 = -4*s. What is the greatest common factor of 16 and r?
2
Let a = 4 - -19. Calculate the greatest common divisor of a and 92.
23
Suppose 0 = 5*t - 164 + 24. Suppose 3*d = 4*q + 4*d - t, -7 = -q + d. Calculate the greatest common divisor of q and 7.
7
Let d = 156 - 149. Calculate the greatest common factor of 28 and d.
7
Let g(b) = 15*b**2 - 3. Let d be g(-3). Let i = 22 - 10. What is the highest common divisor of i and d?
12
Let x be 2/7 + (-122)/(-14). Let a = x + 84. Let d = a + -29. What is the greatest common divisor of 8 and d?
8
Let d be (-1)/(1 + -2) - -57. Suppose d + 50 = 3*m. Let b = -110 - -200. Calculate the highest common divisor of b and m.
18
Let r(j) = j**2 - 4*j + 4. Let a be -2 + 13 + (3 - 6). Let n be r(a). Calculate the greatest common divisor of n and 24.
12
Suppose 3*c = 23 - 2. Calculate the highest common divisor of c and 49.
7
Let i(d) = 7*d**2 + 5*d - 3. Let l be i(2). Let o be ((-7)/2 + 0)*-2. What is the highest common divisor of o and l?
7
Suppose -z = 3 - 2, 3*t - 5*z - 11 = 0. Let n(q) = q**3 - q**2 - 2*q + 3. Let c be n(t). Let j = 33 - 18. What is the highest common divisor of j and c?
3
Let r(v) = -v**2 - 7*v - 6. Let o be r(-4). Let l be ((-42)/(-9) + -2)*o. Calculate the highest common divisor of 16 and l.
16
Let g be 66/(-11)*20/(-6). Let p(u) = -11*u - 3. Let z be p(-3). Let i = z - g. Calculate the highest common divisor of 25 and i.
5
Let x = -38 + 49. Calculate the highest common divisor of x and 11.
11
Let b be 5 + (0 - (2 + 1)). Calculate the highest common factor of 4 and b.
2
Let h be (-79)/(-6) + (-4)/24. Calculate the highest common divisor of h and 91.
13
Suppose -4*d - 4 = -2*y, 3*y + d + 2*d = 6. Calculate the greatest common factor of 14 and y.
2
Let x = -1 - -22. Let a = 6 + 1. Let q(i) = 5*i - 14. Let z be q(a). Calculate the greatest common factor of z and x.
21
Suppose 4*l = -5*d + 104 + 26, -4*l + 110 = -5*d. Suppose 8*a - 4*a = y - 67, -4*y - 5*a = -310. What is the greatest common factor of y and l?
15
Let t be (2 - -77) + -5 + 6. What is the greatest common factor of 10 and t?
10
Let k(r) = -r**3 + 4*r**2 - r + 9. Let l be k(4). Calculate the greatest common divisor of l and 40.
5
Let w(d) = -d**3 + 7*d**2 - 7*d + 12. Let p be w(6). What is the highest common factor of p and 4?
2
Suppose 2 = -2*z + 6. Let o be 0 + 1/10 - (-1827)/630. Calculate the greatest common divisor of z and o.
1
Suppose 0*v - 200 = -4*v. What is the highest common divisor of v and 20?
10
Let a(z) = -z**3 + 7*z**2 + 11*z - 2. Let m be a(8). Suppose -x = 3*i - 18, 4*x + 5*i - 74 = x. Calculate the greatest common factor of x and m.
11
Let p(r) = -r + 14. Let v be p(9). Suppose 21 = j - d - 42, v = -d. Suppose -j = -t + 14. Calculate the greatest common factor of 8 and t.
8
Let g(i) = i**3 - 15*i**2 + 3*i - 3. Let l be g(15). Let d = -5 + 12. Let w be (-290)/(-14) + 2/d. What is the highest common factor of w and l?
21
Let r(j) = 5 - 3 + 4*j**2 - 13*j**2 + 9*j + j**3 + 2. Suppose -3*l = -14 - 10. Let a be r(l). Calculate the highest common divisor of a and 6.
6
Let o = -7 + 21. Let c = -183 + 267. Calculate the greatest common divisor of o and c.
14
Suppose 41 - 293 = -6*p. Calculate the highest common factor of 14 and p.
14
Let k(j) = -4*j + 4. Let d be k(-4). Calculate the greatest common divisor of d and 4.
4
Let p(j) = -3*j - 3. Let v be p(-3). Let y = -8 + v. Let z be ((-4)/y)/((-1)/(-20)). What is the greatest common divisor of z and 5?
5
Let m be 3/2*2/1. Suppose 4 = k - 2*g + m, 4*g = k + 5. What is the greatest common divisor of 63 and k?
7
Let k be 1124/14 + (-4)/14. Let j(z) = z - 4. Let u be j(12). Calculate the greatest common factor of k and u.
8
Suppose 1 = -4*g - 15. Let u = g + 6. Let s be u*(1 + (-10)/(-4)). Calculate the highest common divisor of s and 35.
7
Suppose -9*r = -2*r - 28. Calculate the greatest common divisor of r and 28.
4
Suppose -4*j + j = g + 9, j + 16 = 4*g. Calculate the highest common divisor of g and 6.
3
Let q = -4 - 14. Let t(d) = -8*d - 3. Let y be t(-4). Let v = q + y. What is the highest common divisor of v and 55?
11
Let z(d) = -d**3 + 6*d**2 + 8*d - 2. Let r be z(7). Suppose -r*k + 23 = 3. Let s = 8 - k. Calculate the greatest common factor of 8 and s.
4
Suppose -4*b + 8*b = 96. What is the greatest common divisor of 6 and b?
6
Let u(w) = -w**2 + 7*w - 4. Let o be u(6). Suppose -j = -o*j + 16. Let a = -37 + 69. Calculate the greatest common factor of j and a.
16
Let k = 21 - 0. What is the highest common divisor of k and 14?
7
Suppose p + 15 = 6*p. Let x = p - -44. Suppose -4*m - x = -4*w - w, -w - m + 4 = 0. Calculate the greatest common divisor of w and 28.
7
Let x be 0/1 - 0 - -4. Let o(l) = 4*l**2 - l + 1. Let d be o(1). What is the highest common factor of x and d?
4
Let t(z) = z + 9. Let g(h) = h**3 + 8*h**2 - 9*h. Let q be g(-9). Let y be t(q). Calculate the highest common divisor of 3 and y.
3
Let j be (-20)/6*144/(-15). Suppose -4*s + j + 8 = 0. What is the greatest common factor of s and 10?
10
Let f(z) = z - 1. Let h be f(4). What is the highest common divisor of h and 1?
1
Suppose 0 = -2*n, 0 = 4*r - 0*r - n + 144. Let y = r - -26. Let a be 10/25 - 116/y. What is the highest common divisor of 108 and a?
12
Let o(q) = -7*q**3 + q. Suppose 2*b = -2*z + 2, -3*z + 23 = -b - 0*b. Let d be (-4)/(-6)*z/(-4). Let n be o(d). What is the highest common divisor of n and 6?
6
Let x be (12/5)/((-2)/(-10)). Let t(v) = 11*v - 9. Let o be t(10). Suppose -h = -3*f - 39, 5*h - o = h + f. Calculate the greatest common factor of x and h.
12
Suppose -3*r + 96 = -39. What is the greatest common divisor of r and 5?
5
Let w = 0 + 19. Suppose 3*b - 30 = 3*r, 2*b + 4*r - w - 7 = 0. Let u(j) = j**2 - 9*j - 8. Let a be u(b). What is the greatest common factor of a and 98?
14
Let c = 83 - -280. Calculate the greatest common divisor of c and 33.
33
Let b(d) = 2*d - 3. Let w be b(3). Let u(f) = 5 - w*f - 3 - 11. Let h be u(-6). What is the greatest common divisor of 45 and h?
9
Let w(g) = 6*g**2 - 1. Let f be w(-2). Let s = -8 + f. What is the greatest common factor of 6 and s?
3
Suppose 16 = -0*s + 4*s. Suppose s*h - 170 - 226 = 0. Calculate the highest common factor of 11 and h.
11
Let w be (-3)/((-2)/16*6). Let l = -1 + w. Calculate the greatest common divisor of 3 and l.
3
Let z = -203 + 336. Suppose b - 2*b + 19 = 0. What is the highest common factor of b and z?
19
Let c = 96 + -58. Let j = 187 - 92. Calculate the high